(x) be the second derivative of -x**8/6720 + x**7/504 - x**6/180 + x**5/120 - x**4/6 - x. Let v(g) be the third derivative of k(g). Give v(3).
7
Let b(w) = -9*w**3 - 11*w**2 - 2. Let r(u) = -5*u**3 - 6*u**2 - 1. Let o(q) = -4*b(q) + 7*r(q). What is o(-3)?
-8
Let f = 6 - 1. Let v(b) be the second derivative of b**3/6 + 2*b**2 - b. What is v(f)?
9
Let p(y) = y**3 + 3*y**2 - 3*y - 1. Suppose 6*g + 4 = 5*g. Give p(g).
-5
Suppose 5*g + 2*d = -2*d + 48, -4*d = -5*g + 72. Suppose g = 5*f - 13. Let k(h) = h**2 - 3*h - 5. Determine k(f).
5
Suppose 3*u + 5 = 44. Let c = u + -7. Let g(l) = -l**2 + 4*l + 4. Give g(c).
-8
Let o(p) = 3*p - 2. Let g(r) = 4*r**2. Let v be g(1). What is o(v)?
10
Let q(w) = 9*w**3 + 3*w**2 - 2. Let m(l) = -8*l**3 - 3*l**2 + 2. Let x(j) = -7*m(j) - 6*q(j). Suppose -16*t = -12*t + 8. Determine x(t).
-6
Let k(l) = l + 19*l**2 - 39*l**2 + 21*l**2. Let m(y) = 7*y**2 - y. Let o = -5 - 1. Let g(w) = o*k(w) + m(w). Calculate g(6).
-6
Let a(d) = -d**2 + 18*d - 24. Let h be a(16). Let m(y) = y + 5. Determine m(h).
13
Let x(d) = -d**3 + 3*d**2 + 4*d - 3. Let f be x(4). Let z(o) be the second derivative of 0*o**2 - o + 0 + 1/3*o**3. Give z(f).
-6
Suppose -5*u - 12 = 13, 3*u + 11 = -2*m. Let h(t) = -t**2 + 0*t - t**3 + m*t - 3*t. Suppose d - 5 = f, -2*f - 4*d + 4 = -4. Give h(f).
6
Let j(o) = o**2 - 9*o + 11. Let n be j(8). Let b(f) = f**2 - 4*f. Let s be b(4). Let d(l) = -1 + s*l - 2*l + n. Determine d(3).
-4
Suppose 5*y - 5*p + 1 = 11, -4*p = y - 2. Let d(n) = -24 + 4*n - 10 + 35. Give d(y).
9
Let o(p) = 3*p**2 - 5*p - 1. Let g(t) = -10*t**2 + 15*t + 2. Let q(z) = -2*g(z) - 7*o(z). Determine q(4).
7
Let u(c) = 2*c**3 + c**2 - 2*c**2 - 3*c**3 + 0*c**2. Suppose -6*p + p = -10. Suppose 2*n + 8 = 2*x, 0 = 4*x + p*n + 12 + 2. Determine u(x).
0
Let o(h) = 3*h**2 + h**2 + 3*h**2 + 3 + 8*h - h**3. Suppose -32 = -6*v + 4*v + 4*g, 2*g - 16 = -3*v. Let j be o(v). Let a(f) = 2*f**2 - 5*f + 4. Determine a(j).
7
Let m be 10/(-1) - (-1 - 0). Let f be 16/m - 2/9. Let i(u) = -u + 3. Let o(s) = -3*s + 7. Let k(z) = 5*i(z) - 2*o(z). Calculate k(f).
-1
Suppose -7 = -5*k - 5*t + t, -10 = -5*k - 5*t. Let z(v) = -6*v**2 + 2*v + 1. Calculate z(k).
-7
Let s(l) = -l**3 - 7*l**2 - 4*l + 4. Let d = -24 + 18. Determine s(d).
-8
Let h(s) = -2 + s - 6*s + s**2 + 0. Let v(x) = 2*x**2 - 2*x - 4. Let z be v(4). Suppose -2*y - 3*d = 2*d + 2, z = 4*y - 2*d. Determine h(y).
-6
Let q = -10/3 + 5. Let g(v) be the first derivative of -1/4*v**4 - q*v**3 + 2 - 2*v + 0*v**2. Give g(-5).
-2
Let q(g) be the third derivative of -17*g**6/120 - g**4/12 - g**3/6 - 15*g**2. Determine q(-1).
18
Suppose -6*l = -2*l - 4. Let k(t) = -3 + 2*t - t**3 + 2 + l - 3*t**2. Let m(u) = -u**2 - u - 4. Let g be m(0). Give k(g).
8
Let o = -13 - -13. Let p(w) = -w - 8. Give p(o).
-8
Suppose -u = -5*u. Let y(o) = -7 - 2*o + u*o + o. Determine y(-5).
-2
Let r(y) be the first derivative of 1/4*y**4 + 4*y + 1 - y**3 - 3/2*y**2. Let d(k) = 3*k. Let q be d(1). Give r(q).
-5
Let f(o) = o**2 - 5*o. Let z be f(4). Let x(c) = -4*c**2 - 7*c - 4. Let t = 8 + 0. Let u(b) = -11*b**2 - 20*b - 11. Let g(h) = t*x(h) - 3*u(h). Determine g(z).
1
Let u(c) = c**2 - 5*c + 5. Let y be u(4). Let v be 44 + -1*(0 + y). Suppose -3*g + 3*i - v = -13, 3*g + 3*i = 0. Let s(l) = -l**2 - 7*l - 5. Give s(g).
5
Let p(c) be the first derivative of 3/2*c**2 - 2 - 6*c. What is p(4)?
6
Let d be 46/3 + (-1)/3. Suppose -x - x = y + 6, 0 = -3*x - 3*y - d. Let n(i) = -5*i. What is n(x)?
5
Suppose -3*u - u = -32. Suppose 2 + u = 5*d. Let v(c) = -d - 3*c + 9*c - c + c**2. Determine v(-3).
-8
Let b(s) = -s + 3. Let d(y) = y**3 + 5*y**2 + 5*y + 7. Let r be d(-4). What is b(r)?
0
Let n(j) = 7*j**2 - 6*j**2 + j**2 + 3 - j**2 + 9*j. What is n(-7)?
-11
Let z(w) = 7*w**3 - 27*w**2 + 11. Let k(d) = 3*d**3 - 13*d**2 + 5. Let v(n) = 9*k(n) - 4*z(n). What is v(-9)?
1
Let u(n) = -n - 2. Let w(o) = -1 + 11*o - 4*o - 6*o. Let x(p) = -u(p) - 2*w(p). Determine x(4).
0
Let w = 6 + -8. Let u(m) = -m**2 + 3*m + 3. Calculate u(w).
-7
Let s = 16 + -21. Let o(f) = f**2 + 3*f - 4. Determine o(s).
6
Let l(y) = y**2 - 8*y + 2. Let b(n) = 2*n**2 - 17*n + 4. Let h(a) = 3*b(a) - 7*l(a). Let f = 0 + 4. What is h(f)?
2
Let o(w) = -2*w**3 - 2*w**2 - w - 2. Let i be (-6)/39 + 120/(-65). What is o(i)?
8
Let t(x) be the second derivative of x**7/2520 - x**6/360 - x**5/30 - x**4/12 + 2*x. Let q(s) be the third derivative of t(s). Calculate q(-3).
11
Suppose -17 = 3*c - 59. Suppose -c = -3*z + 4*f, 0 = -f + 6*f + 10. Let s(h) be the second derivative of h**5/20 - h**3/2 + h**2/2 - 2*h. Determine s(z).
3
Let l(f) = 6 + 0*f**2 - f**2 + 2264*f - 2258*f. Calculate l(6).
6
Let v(d) = d**2 + 3. Let x(h) = 3*h - 10. Let c be x(5). Let o = -5 + c. What is v(o)?
3
Suppose 3*c - 11 - 3 = 4*v, 4*c - 18 = 5*v. Let p(x) = -x**3 - x + 2. Determine p(c).
-8
Let o = 2 - 0. Let x(m) = -26*m - 10. Let a(y) be the third derivative of 5*y**4/24 + y**3/3 + 2*y**2. Let c(d) = 16*a(d) + 3*x(d). Give c(o).
6
Let g be (3 + -3 + 1)*5. Suppose g*q + 0*j - 4*j = 20, -2*j - 10 = -q. Let v(o) = o**2 + 5. Calculate v(q).
5
Let r(g) = -g**2 + 4*g - 2. Let n be 4/(-6) + (-8)/(-12). Suppose n = 5*k - b - 4 - 15, -4*k = 2*b - 4. Give r(k).
1
Let c be (-2)/(-2) + 0/(-2). Let z(a) = -195*a + 91*a + 103*a. Give z(c).
-1
Let i(g) = -4*g**2 - 2 + g**3 + 2 + 4 - 7*g. Let c(x) = x**3 - 4*x**2 - 12*x + 5. Let s be c(6). What is i(s)?
-6
Suppose w = -5 - 5. Let p = w - -6. Let g(i) = 5*i**3 + 2*i**2 - i + 3. Let h(n) = -n**3 - n**2. Let t(l) = g(l) + 6*h(l). Give t(p).
7
Let k(q) be the second derivative of q**3/6 - 3*q**2/2 - q. Suppose v + 1 = -2. What is k(v)?
-6
Let t(u) be the third derivative of u**5/60 + u**4/6 - u**3/6 + 8*u**2. Determine t(-5).
4
Suppose -5*s + 7*s - 2 = 0. Let n(f) be the first derivative of 0*f - 1/3*f**3 + 3/2*f**2 + s. Calculate n(3).
0
Let w(b) be the first derivative of b**2/2 + b + 9. Suppose -c = 3*c - 5*l - 18, 3*l + 6 = 0. Calculate w(c).
3
Let d = 6 - 1. Let m(z) = -5*z + 6. Suppose i = -0*i + 3. Let q(f) = 4*f - 6. Let h(u) = i*q(u) + 2*m(u). Calculate h(d).
4
Let c(g) be the second derivative of g**5/20 + g**4/12 - g**3/6 - 5*g**2 + 7*g. Give c(0).
-10
Suppose -2*z - 2*f + 18 = 0, 2*z - 3*f - 5 = -3*z. Suppose 0 = -3*k + z*k. Let w(p) = 4*p**2 - 3*p**3 - 1 - 5*p**2 + 2*p**3. Give w(k).
-1
Suppose -3*k + 10 = 4*j, k + j - 5*j + 18 = 0. Let i = 0 - k. Let u(q) = -q + 2. Calculate u(i).
0
Let d(x) be the first derivative of x**3/3 + 5*x**2 + x - 25. Calculate d(-8).
-15
Let g(z) = 2*z**2 - z + 2. Let l(j) = 2*j**3 + 27*j**2 + 11*j - 24. Let n be l(-13). What is g(n)?
8
Let q(i) = -26*i**3 - i**2 - 3*i**2 + 27*i**3. What is q(4)?
0
Let j = -40 - -35. Let y(v) = -v + 1. Determine y(j).
6
Let a(z) = 7*z**3 + 2*z - 1. Suppose 14*m - 4 = 10*m. Determine a(m).
8
Let d(l) = -l**2 - 3*l + 1. Let f = -1 - 0. Let z(x) = x. Let c(h) = f*z(h) - d(h). Suppose 3 = 2*o + 7. Determine c(o).
-1
Let m(b) = b**3 + 5*b**2 + b - 5. Let s(n) = -n**3 - 5*n**2 - 2*n + 8. Let k be s(-3). Give m(k).
7
Let g(i) = 3*i - 3. Let c(f) = -3 + 8 - 1 - 4*f. Let r = -5 - -10. Let w(t) = r*c(t) + 7*g(t). What is w(-3)?
-4
Let i be ((-3)/(-9))/((-3)/45). Let v(b) = b**2 - 3. Let y(c) = c**2 - c - 3. Let g(o) = 3*v(o) - 2*y(o). Determine g(i).
12
Let q = 10 - 0. Suppose 0*v - 2*v = -q. Let w(k) = -k**2 + 0 - 1 + 0*k**2 + 7*k. Determine w(v).
9
Let k(h) = 6*h**3 + 25*h**2 + 26*h + 29. Let y(x) = -x**3 - 5*x**2 - 5*x - 6. Let t(d) = 2*k(d) + 11*y(d). What is t(6)?
10
Let p = 0 + 0. Let q = 1 - p. Let t(c) = -4*c + c**3 + c**2 - q + 4*c. Calculate t(0).
-1
Let z(s) = -23*s**2 + 4*s - 7. Let b(v) = 35*v**2 - 6*v + 11. Let r(j) = 5*b(j) + 8*z(j). Calculate r(1).
-8
Suppose 4*r - 7*r - 3*l + 30 = 0, -2*r = 4*l - 30. Let v(z) = z**3 - 5*z**2 + 2*z - 6. Calculate v(r).
4
Let x(o) = -21*o - 3 + 19*o + 7. Suppose -2*u + 27 - 19 = 0. What is x(u)?
-4
Let t(i) = -i**3 - 5*i**2 - 5*i + 1. Let g = 41 + -45. Give t(g).
5
Let i be ((-8)/10)/((-4)/10). Let c(n) = 4*n**i + 2*n + n - 3 - 6*n**2 - n**3. Let o(x) = -x**3 + 16*x**2 - 17*x + 27. Let z be o(15). Calculate c(z).
-3
Let l(y) = -3*y - 2. Let h be 2/3 - (-8)/6. Suppose b - 2*b - h = 0. Give l(b).
4
Let f(v) = v + 3. Suppose 28*z - 30*z = -6. What is f(z)?
6
Let u(s) = -3*s + 9. Let w